 = -h**3 - 12*h**2 - 10*h + 14. Let r = 105 - 116. Determine q(r).
3
Let u(t) = 4*t + 2. Let d(b) = b**2 + 3*b - 4. Let k(s) = 2*s**2 + 7*s - 8. Let h(f) = 5*d(f) - 2*k(f). Let l be h(-3). Give u(l).
10
Suppose -8 = 4*s - 2*g - 28, 3*s - 15 = 4*g. Let c(j) = 2*j - 5. Let y be c(5). Let p(l) = -s + y*l + 5. Give p(1).
5
Let f(n) = -n**2 - 3*n + 4. Suppose y = -5*p - 3*y - 24, -4*y - 12 = 2*p. Calculate f(p).
0
Suppose -5*s + 2*h = 4 + 6, 3*h + 35 = -5*s. Let k(l) = 4*l**2 + l - 2. Let u(y) = -5*y**2 + 1. Let i(d) = s*k(d) - 3*u(d). Let z = 61 + -66. Give i(z).
0
Let k(x) = -3*x - 2. Let d be -3 - (0 + -2 + 2). Give k(d).
7
Let c(v) be the third derivative of v**6/120 - v**5/15 - 7*v**4/24 + 2*v**3/3 + 22*v**2. Let t = 13 + 7. Suppose 0*u - t = -4*u. What is c(u)?
-6
Let y(h) be the first derivative of -2*h - 1/2*h**2 - 7. Determine y(-3).
1
Let i(k) be the first derivative of -k**4/4 - k**3 + 7*k**2/2 + 6*k + 40. Let o = 0 + 1. Let h = o + -5. What is i(h)?
-6
Let c(l) = l**3 + 4*l**2 + 2*l + 1. Let f be c(-3). Suppose -f*k - 5 = k. Let z(n) = 2*n**2 - 1. What is z(k)?
1
Let k = 85/33 + -21/11. Let y(p) be the third derivative of -1/120*p**6 - p**2 + 1/24*p**4 + k*p**3 + 0 - 1/20*p**5 + 0*p. Calculate y(-3).
1
Let o(l) be the second derivative of 0 + 1/2*l**2 - l**3 - 2*l. Calculate o(1).
-5
Let g(j) = -4*j**3 - 2*j**2 - j. Let n be (2/(-4))/((-1)/(-2)). Let s = n + 2. Let a(c) = -2*c + 1. Let k be a(s). What is g(k)?
3
Suppose -d - 2*d = -33. Let g = d - 11. Let o(n) = -n**3 + 5 + 2*n**3 + 0*n**3 + n. What is o(g)?
5
Let i(o) = o - 3. Let b be i(5). Let x(l) be the third derivative of -1/6*l**4 + 0*l**3 + 0 + 0*l + 2*l**2. What is x(b)?
-8
Let i be -2*(-2)/12*15. Let q(a) = a - 4. Let k(g) = g - 5. Let u(f) = i*q(f) - 4*k(f). Let b = 17 - 19. What is u(b)?
-2
Let o be (3/9 + 0)/(4/(-24)). Let a(x) = -8*x - 1. Determine a(o).
15
Let i(r) be the second derivative of r**5/20 - r**4/12 + 5*r**2/2 + 6*r. Determine i(0).
5
Let z = 0 + 2. Suppose 3 = -5*f - z. Let y(b) = 8*b**3 + b**2 + 2*b + 1. Determine y(f).
-8
Let h(k) be the third derivative of k**6/120 + k**4/8 - k**3/3 - 2*k**2. Determine h(2).
12
Let h be 60/24 + (-10)/(-4). Let u(s) = -1. Let y(f) = -f**3 + 4*f**2 + 6*f - 1. Let q(a) = -u(a) + y(a). Determine q(h).
5
Let v = 12 - 9. Let x(m) = 6 + v*m**2 + 5*m + 0 + m**3 - 2*m**3 + 2*m**2. Give x(6).
0
Let k(i) = -i - 4. Suppose -j + 3*l - 12 = -2*l, -3*l = -12. Let z = 6 + j. Suppose -z - 6 = 5*d. Determine k(d).
0
Let h(x) = -11*x**2 + x. Suppose 0 = 2*z + 2*z + 4. What is h(z)?
-12
Let k(f) = 7*f**2 + 4*f - 5. Let t(s) = 4*s**2 + 2*s - 2. Let n(u) = -3*k(u) + 7*t(u). Let g = 3 - 1. Let i be -1 - (g - 2) - 0. Calculate n(i).
6
Let k(h) = -2 + 7 - 6*h + 7. Let r(l) = -5*l + 11. Let i(v) = -4*k(v) + 5*r(v). Let t(c) = -c - 1. Let n be t(-6). Calculate i(n).
2
Let z(h) = 2*h - 7. Let r(s) = 3*s - 8. Let i(d) be the first derivative of d + 4. Let m(l) = 6*i(l) - r(l). Let g(x) = -3*m(x) - 5*z(x). Give g(-6).
-1
Let y(p) = -3*p**2 + 2*p + 2*p**2 + 0*p**2 + 5 - 4. Give y(3).
-2
Let i(w) = 2*w - 2. Let t(v) = v**3 - 6*v**2 + 3. Let o be t(6). Suppose 3 + 6 = -o*h. Calculate i(h).
-8
Suppose -257*c - 28 = -250*c. Let d(t) = 5 + 2 + t + 2. Calculate d(c).
5
Let d(u) = -u**3 - 6*u**2 - 7*u - 6. Let f be 14/(-4) - 9/6. Calculate d(f).
4
Let n(a) = -4*a**3 - 3*a**2 - 2*a. Let c be n(-1). Let j(d) be the third derivative of -d**6/120 + d**5/30 + 5*d**4/24 - d**3/3 - 7*d**2. What is j(c)?
4
Let r(b) be the first derivative of -b**3/3 - 2*b**2 + 4*b - 4. Give r(-5).
-1
Let o(z) = 11*z**2 - 9*z + 3. Let x(f) = -6*f**2 + 5*f - 2. Suppose 0*c - c = -5. Let n(d) = c*x(d) + 3*o(d). Give n(-1).
4
Let u be 6*2/4 + 2. Suppose -2*c + u = 3. Let n = 5 - c. Let b(h) = -h**3 + 5*h**2 - 4*h. Give b(n).
0
Let o(h) be the third derivative of -h**4/24 - 2*h**3/3 - 8*h**2. Calculate o(3).
-7
Let r(w) = 17*w**2 - 2*w - 21*w**2 - w**3 + 0*w**3 + 4. Calculate r(-3).
1
Let c(v) be the second derivative of 0 + 2/3*v**3 + 3/2*v**2 + v - 1/20*v**5 + 1/4*v**4. Let u be (-1)/((2 + 1)/(-12)). What is c(u)?
3
Let q be (18/3)/(-2) + 2. Let r(d) = 3*d + 1. Let s be r(q). Let k(j) be the third derivative of j**5/30 + j**4/6 + j**3/2 - j**2. What is k(s)?
3
Let r(f) = -f**2 - 13*f + 8. Let v be r(-13). Suppose v*k = 3*k + 5*z + 15, -2*k + z = -3. Let t(a) = a**2 - a + 3. Give t(k).
3
Let i be (-2)/11 + 212/(-44)*1. Let o(h) be the second derivative of -h**5/20 - 5*h**4/12 + h. Determine o(i).
0
Let r(a) = 7*a + 31. Let t(j) = -11*j - 47. Let b(c) = -8*r(c) - 5*t(c). Give b(-6).
-7
Suppose -2*c - 2 = 6. Let j(w) = w**2 + 2*w - 5. Give j(c).
3
Let q(s) = s + 8. Let y be (-3)/2*(-112)/(-24). Let m be q(y). Let b(h) = 3*h. What is b(m)?
3
Suppose -15 = 3*o - 6*o. Let a(x) = -o*x**2 - x + 1 + 5*x + 4*x**2. Determine a(2).
5
Let v(y) = -y**2 + y. Let p = 17 + -8. Suppose -3*u - p = 3*t, -t = 4*u + 9 + 3. Let b be (-6)/(2 + 1) - t. Determine v(b).
-6
Let r(u) = -u**3 + u. Let q(d) = -9*d**3 + d**2 + 4*d. Let z(c) = q(c) - 4*r(c). Suppose 0*v + 3 = 3*v. Give z(v).
-4
Let o(u) be the second derivative of -u**4/12 + 2*u**3/3 + 3*u**2 - 2*u. Let m be o(5). Let b(f) = -f**3 + 3*f**2 - 1. Determine b(m).
1
Let l(v) = -v. Let y be l(-2). Let h(g) = -g + 8. Let p(m) = -1. Let s(a) = y*h(a) + 18*p(a). Calculate s(-5).
8
Let o(v) = -2*v - 7. Let u be ((-100)/8)/5*2. Calculate o(u).
3
Let o(c) = -c**2 + 6*c + 6. Suppose r = 4*p - 2*r + 4, 3*r = 0. Let g be 46/8 + p/(-4). Determine o(g).
6
Let m = 11 - 22. Let y = m - -14. Let g(o) = o**3 - o**2 - 3*o - 3. Determine g(y).
6
Let a(q) = -5*q**3 - 6*q + 12. Let o(x) = x**3 - x**2 + x - 1. Let f(v) = -a(v) - 6*o(v). Give f(6).
-6
Suppose -4*f + 12 = 0, -3*d - 8*f + 3*f + 6 = 0. Let v(x) = 4*x**2 + 2. Let a(s) = -s**2 - s. Let j(r) = d*a(r) - v(r). What is j(3)?
-2
Let p(h) be the second derivative of h**5/20 - 2*h**4/3 - 2*h**2 + 3*h. Let k(v) = -2*v**3 + 15*v**2 - v + 9. Let g(m) = 3*k(m) + 5*p(m). Give g(5).
-8
Let r(m) = 0 - 1 - 1 + 3 + m. Suppose 1 + 3 = y. What is r(y)?
5
Let h(g) be the first derivative of 5*g + 1/2*g**2 + 9 - 1/3*g**3. Determine h(4).
-7
Let d(j) = 4 - 5*j - 2*j**2 + 3*j**3 - 5 - 1 - 2*j**3. Determine d(4).
10
Let d(o) = o**3 + 2*o**2 - 2*o + 1. Let n(i) = 6*i**3 + 11*i**2 - 10*i + 4. Let w(b) = 11*d(b) - 2*n(b). Calculate w(2).
-9
Let f(x) = -6*x**3 + 137*x**2 + 136*x**2 - 274*x**2 + x. Give f(1).
-6
Suppose o - 46 = -3*o + 2*k, 0 = 2*o + 5*k - 5. Suppose s = -s + o. Let f(i) = -i**2 + 4*i + 4. Let q be f(s). Let l(w) = -4*w**2. What is l(q)?
-4
Let n(p) = -8 - 4*p + 3 + 4. Let s(m) = m + 1. Let v(o) = -n(o) - 5*s(o). Determine v(-3).
-1
Let d(a) be the first derivative of a**2 + 1 + 0*a**2 - 2 - 6*a - 3. Let o be (4/3)/(1/3). Determine d(o).
2
Suppose -4*g - 4 = 0, 2*g + 6 = c - 2*g. Suppose -3*i + i + 4 = 0. Let l(p) = -p**2 - p**3 + 0*p**i - p**3 + 2*p**c. Give l(1).
-1
Suppose 0*t = -t - 2. Let g(v) be the second derivative of v**4/12 + 2*v**3/3 + v. Let i(h) = -3*h**2 - 9*h - 1. Let o(l) = t*i(l) - 5*g(l). Give o(4).
10
Let k(i) be the third derivative of -i**4/8 + 5*i**3/6 - 16*i**2. Suppose -3*a + 10 = -a. Calculate k(a).
-10
Let z = -6 + 12. Let u(n) = 2*n + 8 + z - n**3 + 4*n**2 - 9. Determine u(5).
-10
Suppose 10 = 2*v + 3*v, -4*v = -a - 7. Suppose 0 = 5*w - a - 4. Let h(f) = -5*f + 2. Let b(n) = 2*n - 1. Let q(g) = -13*b(g) - 6*h(g). Give q(w).
5
Let k be (6 - 3 - 2) + 3. Let x(q) = 2 + 2 + 2*q + 1 + 3*q**2 - k*q**2. Determine x(5).
-10
Suppose -3 = -3*c - a, 2*c + 4*a = 2*a + 6. Let w(f) = f - 7. Calculate w(c).
-7
Let b(i) = -i + 10. Let w(p) = 2*p - 21. Let d(h) = -5*b(h) - 2*w(h). What is d(7)?
-1
Let c(a) be the third derivative of a**6/120 + a**5/20 - a**4/8 + 2*a**2. Suppose 0*x = -2*x - 8. Calculate c(x).
-4
Let h(j) = -5 + 8 - 7 + j. Give h(5).
1
Let k(s) = 2*s**2 - 2*s + 2. Let d(g) = 4*g - 4. Let q(y) = 5*y - 5. Let c(b) = 6*d(b) - 5*q(b). Let l = 3 + -4. Let f be c(l). What is k(f)?
6
Suppose 3*a = a - 5*k - 14, 3*a = 4*k + 25. Suppose -a*u + 2*c + 23 = 2*u, -5*u = 4*c + 1. Let n(i) = -3*i + 4. What is n(u)?
-5
Suppose -3 = k - 1. Let q(p) = 4*p**3 - p**2 - p + 1. Let l be q(1). Let u(t) = t**2 + t**3 - 3 + 2*t + 1 + l*t**2. Calculate u(k).
2
Let k(v) = 2*v - 1. Let p(y) = -y**2 + 9*y - 6. Let i be p(8). L